3 divide 30680152?
False
Is 271 a factor of 40506370?
True
Is 149 a factor of 408093418?
True
Is 587691309 a multiple of 12505?
False
Is 72665638 a multiple of 109?
False
Does 18 divide 96570540?
True
Does 4 divide 9494096?
True
Is 142 a factor of 541237943?
False
Is 17808033 a multiple of 241?
False
Is 133 a factor of 2236466139?
False
Is 458234224 a multiple of 14?
True
Is 126276853 a multiple of 5?
False
Does 715 divide 1164498440?
False
Is 11808936 a multiple of 18?
True
Does 6 divide 3658066?
False
Does 318 divide 72775616?
False
Does 1675 divide 1305081275?
True
Is 165495889 a multiple of 32?
False
Is 385 a factor of 35767016?
False
Is 15 a factor of 4027268?
False
Is 38566557 a multiple of 882?
False
Is 332132372 a multiple of 3583?
False
Is 17439455 a multiple of 5?
True
Is 429084 a multiple of 27?
True
Is 466 a factor of 6364928?
False
Is 1247 a factor of 39900399?
False
Is 234 a factor of 16385905?
False
Does 798 divide 1532958798?
True
Is 2419034100 a multiple of 740?
True
Is 2645856 a multiple of 24?
True
Is 607882792 a multiple of 1969?
False
Is 92 a factor of 236432777?
False
Does 38 divide 1184007992?
False
Does 30 divide 3236086?
False
Is 962923496 a multiple of 76?
True
Does 2515 divide 8904389?
False
Is 97804800 a multiple of 2700?
True
Is 6224225640 a multiple of 24?
True
Is 30524146 a multiple of 32?
False
Is 127 a factor of 119863743?
True
Is 31458417 a multiple of 229?
True
Is 29933621 a multiple of 367?
True
Does 502 divide 497590259?
False
Is 88 a factor of 19808892?
False
Is 17 a factor of 598510874?
True
Does 12 divide 1600483968?
True
Is 379728505 a multiple of 3?
False
Is 11857681 a multiple of 120?
False
Is 26564727 a multiple of 357?
True
Does 779 divide 26046935?
False
Is 509644020 a multiple of 204?
True
Is 241 a factor of 4827126484?
False
Is 694113097 a multiple of 13?
False
Does 71 divide 14464475?
True
Is 3613753563 a multiple of 7?
True
Is 24 a factor of 2791104?
True
Is 19 a factor of 47956678?
False
Is 676932 a multiple of 19?
True
Is 21317682 a multiple of 110?
False
Does 30 divide 23021658?
False
Does 51 divide 68138276?
False
Is 10 a factor of 11706769?
False
Does 278 divide 68001858?
True
Is 45 a factor of 223242390?
True
Is 9606364 a multiple of 5?
False
Is 1346945288 a multiple of 62?
True
Is 112 a factor of 2917955014?
False
Does 83 divide 14101567?
False
Is 12 a factor of 4116548?
False
Does 553 divide 37362892?
True
Is 23 a factor of 138937848?
True
Does 230 divide 28605100?
True
Is 1132 a factor of 44471160?
False
Is 12 a factor of 63024474?
False
Does 198 divide 108321246?
True
Does 27 divide 24941007?
True
Does 1948 divide 48740861?
False
Is 282026530 a multiple of 31?
True
Is 92185920 a multiple of 320?
True
Does 154 divide 271906247?
False
Is 8343272 a multiple of 7?
True
Is 14 a factor of 285309335?
False
Is 1091 a factor of 73051683?
False
Is 2282 a factor of 452854107?
False
Is 79848925 a multiple of 325?
True
Is 572 a factor of 1332754852?
True
Does 1163 divide 146343318?
False
Is 14 a factor of 45135762?
True
Is 903 a factor of 158808804?
True
Is 94 a factor of 322851165?
False
Is 756 a factor of 3573200736?
True
Is 334 a factor of 40716849?
False
Is 1364 a factor of 16163400?
True
Does 28 divide 2912992208?
True
Is 38 a factor of 23637018?
False
Is 84 a factor of 544757388?
True
Does 5436 divide 3711154416?
False
Is 195 a factor of 22481620?
False
Is 90086268 a multiple of 4?
True
Is 24 a factor of 84294424?
False
Is 1756 a factor of 1425533261?
False
Is 48 a factor of 464426160?
True
Is 7764193498 a multiple of 142?
True
Is 90 a factor of 167712480?
True
Is 1495 a factor of 1705590185?
True
Does 40 divide 18075240?
True
Is 953 a factor of 36946818?
False
Does 1678 divide 23540662?
True
Does 11 divide 1884942495?
False
Does 529 divide 1033692035?
False
Does 96 divide 123511200?
True
Is 24318781 a multiple of 702?
False
Is 11039984 a multiple of 64?
False
Is 674416152 a multiple of 9666?
True
Is 1401631291 a multiple of 52?
False
Is 26 a factor of 56572516?
True
Does 5 divide 121713930?
True
Is 324816034 a multiple of 4612?
False
Does 1518 divide 4517449596?
True
Is 97289980 a multiple of 630?
False
Is 346494596 a multiple of 716?
True
Is 20793075 a multiple of 25?
True
Does 29 divide 1269837877?
True
Does 9 divide 49086024?
False
Does 209 divide 142921306?
True
Is 982155600 a multiple of 3420?
True
Is 10820148 a multiple of 333?
False
Does 7 divide 1511568737?
True
Is 30 a factor of 75637710?
True
Does 1067 divide 927697815?
True
Is 12579624 a multiple of 72?
True
Is 625 a factor of 829485987?
False
Is 38704500 a multiple of 1525?
True
Is 15 a factor of 12732015?
True
Is 150857896 a multiple of 1445?
False
Does 816 divide 769451990?
False
Does 4 divide 62559478?
False
Is 2639 a factor of 118237756?
True
Is 262470 a multiple of 458?
False
Does 40 divide 128100800?
True
Is 22 a factor of 43207265?
False
Is 28 a factor of 897881662?
False
Is 25023544 a multiple of 518?
True
Does 26 divide 123494904?
True
Is 699333356 a multiple of 24?
False
Does 14 divide 76618914?
False
Is 32334023 a multiple of 31?
True
Does 3369 divide 557582976?
True
Does 76 divide 281876195?
False
Is 21 a factor of 76771117?
False
Is 208 a factor of 88029489?
False
Is 70384738 a multiple of 23?
True
Does 4 divide 2162036?
True
Is 11 a factor of 27091562?
False
Is 326 a factor of 44554420?
True
Is 1190836860 a multiple of 12?
True
Is 113 a factor of 50238862?
False
Is 97783488 a multiple of 72?
True
Does 177 divide 687834213?
True
Is 2375844 a multiple of 111?
True
Does 1008 divide 65474640?
True
Is 1262889510 a multiple of 27?
False
Is 116 a factor of 51690992?
True
Is 1331 a factor of 6247235?
False
Is 1133 a factor of 60911495?
False
Is 406 a factor of 100378492?
False
Is 712 a factor of 1469568?
True
Is 6 a factor of 80100714?
True
Is 1331 a factor of 1421583867?
True
Is 2130 a factor of 81125310?
True
Does 1052 divide 38205484?
True
Is 492 a factor of 113543268?
True
Is 34032201 a multiple of 21?
True
Is 9009905 a multiple of 115?
True
Is 4139 a factor of 117075754?
True
Is 9 a factor of 86031070?
False
Is 966 a factor of 878994993?
False
Does 99 divide 29548744?
False
Does 2702 divide 15908914?
False
Is 1511 a factor of 388703239?
True
Is 191043888 a multiple of 161?
True
Does 161 divide 113684837?
True
Is 58 a factor of 1718572712?
True
Is 286384296 a multiple of 2396?
True
Is 53 a factor of 334257220?
True
Is 102 a factor of 2582917644?
True
Is 815069307 a multiple of 18?
False
Is 151 a factor of 43248537?
False
Does 10 divide 143733579?
False
Is 1897376469 a multiple of 8381?
False
Is 3141793154 a multiple of 10280?
False
Is 304303384 a multiple of 28?
True
Is 50136182 a multiple of 3?
False
Does 138 divide 311678025?
False
Does 30 divide 251473560?
True
Is 3 a factor of 443194?
False
Is 2932376747 a multiple of 452?
False
Does 1930 divide 87770610?
True
Does 359 divide 47273479?
True
Is 85421739 a multiple of 149?
False
Is 34 a factor of 138567315?
False
Is 242 a factor of 1517450879?
False
Does 199 divide 3203701?
True
Is 5571157286 a multiple of 628?
False
Is 52635274 a multiple of 22?
False
Does 3420 divide 11149200?
True
Is 19750419 a multiple of 6?
False
Is 96 a factor of 4880942?
False
Is 25816688 a multiple of 8?
True
Does 4223 divide 1046320041?
True
Is 95 a factor of 6505827905?
True
Does 1228 divide 104953476?
True
Does 475 divide 351044665?
False
Is 8932056 a multiple of 316?
True
Is 1163 a factor of 328046247?
True
Is 233074935 a multiple of 178?
False
Is 8989508 a multiple of 32?
False
Is 323798864 a multiple of 8?
True
Is 289193597 a multiple of 244?
False
Is 74872707 a multiple of 13?
True
Is 617828162 a multiple of 98?
True
Is 15 a factor of 730056688?
False
Is 817393984 a multiple of 4036?
False
Does 57 divide 34189516?
False
Does 95 divide 3916565?
True
Is 13523 a factor of 139981099?
False
Does 419 divide 567841789?
True
Is 1244 a factor of 141101501?
False
Is 216 a factor of 1941977?
False
Is 20591961 a multiple of 1879?
True
Is 565 a factor of 682345227?
False
Is 691808505 a multiple of 2601?
False
Is 22584534 a multiple of 82?
False
Is 148 a factor of 93230972?
True
Does 52 divide 267100496?
True
Does 194 divide 28996278?
False
Is 67 a factor of 394839442?
True
Is 75308730 a multip